h, -3*h = 4*i - 13. Calculate the remainder when 15 is divided by i.
3
Let p = -53 + 62. What is the remainder when p is divided by 7?
2
Let j be (-1 - -2) + 2 + 0. Let p = 4 + j. Suppose -3*z + z + 6 = -5*o, 3*z = -3*o + 51. What is the remainder when z is divided by p?
6
Let f be 1/(-1) + (4 - -1). Let n(o) = 2*o**2 - 5*o + 4. Calculate the remainder when 45 is divided by n(f).
13
Suppose 296 = -15*x + 19*x. Calculate the remainder when x is divided by 25.
24
Suppose 0 = -4*l + 3*l + 5*z + 12, 2*z = 2*l - 56. What is the remainder when l is divided by 11?
10
Let t(l) = l**3 + 4*l**2 - 5*l - 5. Let i be t(-5). Let r be 5/((-3)/(-3))*i. Calculate the remainder when r/(-2) + 27/18 is divided by 8.
6
Let m = 14 - 7. Let f(s) = s - 5. Calculate the remainder when 2 is divided by f(m).
0
Let h = -25 - -28. Calculate the remainder when 39 is divided by h.
0
Calculate the remainder when 12/(-15)*(-2)/8*10 is divided by 1.
0
Let m(i) be the second derivative of i**4/12 + 5*i**3/6 + i**2/2 - 2*i. Calculate the remainder when 1 is divided by m(-5).
0
Let w(n) = -n**3 + 7*n**2 - 3*n - 8. Calculate the remainder when w(6) is divided by 4.
2
Let u(j) = -4*j + 244. What is the remainder when u(0) is divided by 41?
39
Let l(m) = 4*m - 9. Let f(j) = 5*j - 4. Let y be f(5). Suppose -b + 2*n + y = -18, -4*b + 182 = 5*n. Calculate the remainder when b is divided by l(6).
13
Let l = 33 + -18. Suppose 0 = 5*c - 11 - 4. Let t(k) = 8*k + 3. What is the remainder when t(c) is divided by l?
12
Let t = -16 - -49. Calculate the remainder when 63 is divided by t.
30
Suppose -4*w = -3*o - 68, 2*w - 4*o + 29 = 73. What is the remainder when 27 is divided by w?
13
Let g(t) = 34*t**2 - 4*t - 6. Calculate the remainder when g(2) is divided by 21.
17
Let w(g) = 7*g**2 - 5*g - 4. Calculate the remainder when w(5) is divided by 7.
6
Let y = 8 + 39. Suppose -5*s + 0*s - 50 = 0. Let x = s + 26. What is the remainder when y is divided by x?
15
Suppose -i - 4*m + 34 = 0, 0 = 3*i - 4*i - 5*m + 39. Suppose -14 - i = -2*t. What is the remainder when 41 is divided by t?
13
Suppose -6*a + 240 = 4*a. Calculate the remainder when a is divided by 13.
11
Let u be (-1)/(3/3) + -2. Let r(z) be the third derivative of z**5/10 + z**4/6 + z**3/6 - z**2. Calculate the remainder when r(u) is divided by 11.
10
Suppose -4*p = 35 - 103. Calculate the remainder when p is divided by 5.
2
Suppose -3*b - s = 5, 5*b + 0*s + 4*s + 6 = 0. Suppose -3*x + 26 = -4*d, -3*d = -2*x + 24 - 5. Calculate the remainder when (-116)/b*x/4 is divided by 15.
14
Suppose -58 = -3*h - b, -2*b - 26 = -h + 5. Suppose -s + h = -4. What is the remainder when s is divided by (-1)/((-2)/18 + 0)?
7
Let z(a) = a**3 - 3*a**2 + 2*a - 9. Calculate the remainder when z(4) is divided by (16/10)/((-2)/(-10)).
7
Let u(z) = z**2 - z + 3. Calculate the remainder when u(0) is divided by (4/(-4))/((-2)/6).
0
Suppose -5*f + 7 = -38. Let h(c) = c**3 - c**2 - 7*c + 5. What is the remainder when h(4) is divided by f?
7
Suppose 0 = -5*p - x + 140, -2*p + 3*x + 56 = 4*x. What is the remainder when 82 is divided by p?
26
Let i be (-27)/5 + 4/10. Let o = i + 9. What is the remainder when 9 is divided by o?
1
Let o = 4 + -1. Let p = 7 - o. Calculate the remainder when 7 is divided by p.
3
Let k(i) = -i**3 + 8*i**2 - 10*i - 2. Calculate the remainder when 118 is divided by k(6).
8
Suppose -3*j = 3*d - 51, 3*j + 11 + 14 = d. Suppose -6 = o - 43. What is the remainder when o is divided by d?
18
Let t(r) = -2*r**3 + 3*r**2 + 4*r + 2. Let z(s) = s**2 - 6*s - 8. What is the remainder when z(12) is divided by t(-2)?
20
Let p be 10*(-4)/(-8)*-25. Let k = -87 - p. What is the remainder when k is divided by 13?
12
Let c = -7 + 9. Suppose 15 = q + c*q. Suppose -5*x + 60 = -5*l, -q*l + 57 = 5*x - 43. What is the remainder when 46 is divided by x?
14
Let d(q) = 5*q**2 - q - 1. Let w be (6/3)/((-4)/10). Let k = 7 + w. Calculate the remainder when d(-1) is divided by k.
1
Let b(m) = 0 - 1 - 2*m + 0. What is the remainder when b(-7) is divided by 4?
1
Suppose 2*m - 5*j - 7 = m, -j + 1 = 0. What is the remainder when 45 is divided by m?
9
Let z(n) = -n**3 + 8*n**2 - 5*n - 1. Suppose -42 - 10 = -4*r. Calculate the remainder when z(5) is divided by r.
10
Let g(q) = -q - 11. Let x be g(-9). What is the remainder when 39 is divided by x/5 + (-214)/(-10)?
18
Let y be ((-2)/(-5))/(2/(-10)). Let o = y + 23. What is the remainder when 61 is divided by o?
19
Let b = 7 - 4. Suppose 4*l + 2*h = -2*h + 8, b = -l - 2*h. Calculate the remainder when 20 is divided by l.
6
Suppose -2*r = -0*r - 82. Suppose 2*q + r = 101. Suppose q = 5*u - 10. What is the remainder when 23 is divided by u?
7
What is the remainder when 11 is divided by 42/9*6/4 + -1?
5
Let o = -48 - -81. What is the remainder when o is divided by 155/9 - (-8)/(-36)?
16
Suppose 40 = t - 79. Calculate the remainder when t is divided by 24.
23
Let t(c) = -2*c + 19. What is the remainder when t(-8) is divided by 18?
17
Let g = -27 - -41. Let x be -2*(-2)/6*6. Suppose 3*c = -2*l - l + 126, 0 = 2*c - x. Calculate the remainder when l is divided by g.
12
Suppose 2*j + 0*r - 120 = 4*r, 0 = -r + 5. Calculate the remainder when j is divided by 18.
16
Let y = 11 - 8. Suppose 3*c = 2*g + 40, 0 = y*g - 6*g - 15. Calculate the remainder when (-106)/(-6) - (-2)/6 is divided by c.
8
Calculate the remainder when 11 is divided by ((-6)/5)/(17/(-85)).
5
Let k(p) = -p**2 + p. Let h be k(-1). Let y = h - -7. Let u = 4 + y. What is the remainder when u is divided by 5?
4
Let l = 9 + -7. Suppose -l*a + 16 + 2 = 3*s, -5*s + 14 = -2*a. Let z = -2 + s. What is the remainder when z is divided by 1?
0
Let c be (-1)/6 + 13/6. Suppose -g = -c*g + 12. What is the remainder when 22 is divided by g?
10
Suppose -9*o = -1823 + 716. Calculate the remainder when o is divided by 42.
39
Suppose 0 = 4*b - 2*b. Suppose b*z + 4*z - 3*j = 71, -5*j = 5*z - 80. Let i = 45 - -4. What is the remainder when i is divided by z?
15
Suppose 0 = -4*a - 0*a + 188. Let p = a - 31. What is the remainder when 46 is divided by p?
14
Let j(h) = -h**3 + 9*h**2 - 20*h + 9. Suppose n + 2 = 2*d - 2, -5*d = 2*n - 37. Calculate the remainder when j(4) is divided by n.
3
Suppose 0 = -3*u - 4*a + 41, -5*a + 93 - 37 = 4*u. Let z be ((-24)/20)/(4/(-10)). Suppose -74 = t - z*t. What is the remainder when t is divided by u?
18
Let h(v) = 2*v - 4. Let d be (2/(-4))/(4/8). Calculate the remainder when -14*(0 + 2/d) is divided by h(7).
8
Let q = -35 - -18. Let t = -12 - q. Suppose -t*g = -0*g - 60. What is the remainder when 23 is divided by g?
11
Let h(l) = 7*l + 3. Let r = 6 + -27. Calculate the remainder when h(7) is divided by 6*3/(-6) - r.
16
Suppose 4*c = -5*i + 312, 2*c + 43 = -3*i + 229. Let u = i + -28. Suppose 55 = 12*t - 7*t. What is the remainder when u is divided by t?
10
Let y(m) = 2*m - 9 - 7 - 7 + 21. Let w be (-6)/(-2)*2*1. Calculate the remainder when 19 is divided by y(w).
9
What is the remainder when 9 is divided by (16/(-10))/(-4)*10?
1
Suppose -k + 8 = -s - s, -s = 3*k - 17. Calculate the remainder when 33 is divided by k.
3
Let l = 300 + -290. Let t = -30 - -58. Calculate the remainder when t is divided by l.
8
Let n = -3 + 6. Suppose 75 = n*g + 3*a, 3*a - 15 = -2*a. Suppose 5*y + 6 = 2*f, 2*f - y - 4 - 10 = 0. Calculate the remainder when g is divided by f.
6
Let l be (-8)/(-52) + (-687)/(-13). Suppose 0 = -4*v + 11 + l. Calculate the remainder when 46 is divided by v.
14
Suppose -5*w - 53 = -2*l, 4*l + 2*w = 4*w + 82. Let z(o) = -2*o**2 - 17*o + 20. What is the remainder when l is divided by z(-9)?
8
Calculate the remainder when ((-2)/2)/((-32)/(-12) - 3) is divided by 3.
0
Let t(y) = 12*y**3 - 2*y**2 + y. Suppose -s - 10 = -1. What is the remainder when t(1) is divided by (7 + s)/((-1)/2)?
3
Let r be 2*102/4 + 0. Suppose -5 = -5*c, -r = -6*p + p + 4*c. Calculate the remainder when p is divided by 7.
4
Suppose 0*s = 5*s - 10. Suppose 5*w - 254 = 4*b, -s*w + w + 4*b + 54 = 0. Calculate the remainder when w is divided by -1 + 0 + (13 - -1).
11
Suppose 5*r - 8*r = 246. Let t = 139 + r. Calculate the remainder when t is divided by 15.
12
Let f(r) = 12*r - 2. Suppose -2*b + 0*b - u + 5 = 0, b = 2*u. Suppose 12 + 8 = 5*k, 3*k - 44 = -4*o. What is the remainder when f(